e units digit of l?
9
Suppose 5*q = 5*s - 12515, -10018 = 3*s - 7*s + q. What is the tens digit of s?
0
What is the ten thousands digit of -3 - (-152664)/(-18)*-3?
2
What is the units digit of ((-1)/(1/4))/((-295572)/26868 - -11)?
8
Suppose 2*k = 9*k - 14. Suppose -k*u = 6, 5*o - 3*o - 600 = 4*u. What is the units digit of o?
4
Let m be (4/(-3))/((-2)/6). Let z = -379 + 197. What is the tens digit of (-1)/(z/(-46) - m)?
2
Suppose -2*b = -3*p - 3*b + 3, 0 = -2*b. Let k(o) = 7*o + 8 - p + o**2 + 8 + 8. What is the units digit of k(-10)?
3
Suppose -16*q = -2*q - 934 - 49984. What is the thousands digit of q?
3
Let h(v) = -6*v**2 + 84*v + 3. Let g be h(14). What is the hundreds digit of (-5 + (-121)/2)/(g/(-18))?
3
Let k be 1170/(-13) + -10*1/(-2). Let i = 157 + k. What is the units digit of i?
2
Let f(k) = -k**3 + 30*k**2 - 32*k + 12. Let d(q) = q**3 - 31*q**2 + 31*q - 11. Let a(w) = -3*d(w) - 4*f(w). What is the tens digit of a(27)?
3
Let z = 80 - -2475. Suppose -10*h + 2145 + z = 0. What is the tens digit of h?
7
Let o(r) = 28 - 2 - 638*r + 633*r. What is the units digit of o(-6)?
6
Let n = -29386 + 44876. What is the hundreds digit of n?
4
Let z = 30406 - 12579. What is the ten thousands digit of z?
1
Suppose -3*a + 7*a - 12 = 0. Suppose 0 = 4*r - 5*y - 623, 2*y - 5 = -a*y. What is the hundreds digit of r?
1
Let a(x) = -45*x + 40. Let i(r) = 89*r - 78. Let k(w) = 5*a(w) + 3*i(w). Let v be k(3). Let j = 193 - v. What is the hundreds digit of j?
1
Suppose 8*k - 31444 = 17276. What is the hundreds digit of k?
0
Let o(l) = 7*l + 47 - 2*l + 2*l + 3*l - l**2. Let j be o(14). What is the hundreds digit of (-4)/j + 34500/135?
2
Let l be 6 - (-4)/4*1. Suppose 0 = -8*a - l*a - 1455. Let y = a - -287. What is the hundreds digit of y?
1
Suppose 0 = 711*v - 718*v + 154. Suppose v*w = 3*w + 18525. What is the units digit of w?
5
Let v(s) = 48*s**2 - 84*s + 310. What is the hundreds digit of v(21)?
7
Let f be (17/1 + -3)/2. Suppose a - f = -6*a. What is the units digit of (-5*1*a)/((-18)/288)?
0
Let b(n) = 681*n**2 - 60*n + 154. What is the units digit of b(4)?
0
Let n = -10 + 19. Let f(w) = 57*w - 6 + 6*w**2 - 5*w**2 - 56*w + 0. What is the tens digit of f(n)?
8
Suppose -16491 = 22*m - 23*m + 2*u, m = -3*u + 16456. What is the units digit of m?
7
Let r(y) = 33*y**2 - 16*y - 417. What is the thousands digit of r(-13)?
5
Suppose -5*h = -4*j, 0 = -0*h + h - 3*j. Suppose 21*u - 4045 - 1100 = h. What is the hundreds digit of u?
2
Suppose 2*k = -0*k - 9*k + 14894. What is the thousands digit of k?
1
Let f be 1/(-6) + (494/(-12))/(-13). Let h(s) = 74*s + 10. Let n be h(f). Suppose -323 = -3*o + 2*i + 3*i, 0 = -2*o - 5*i + n. What is the tens digit of o?
1
Suppose 3 = 7*p - 25. Suppose -180 = -5*t + 5*z, p*t - z - 189 + 36 = 0. Let r = 108 - t. What is the tens digit of r?
6
Suppose 0 = -7*r + 185358 + 113857. What is the thousands digit of r?
2
Suppose x = -5*u + 7, -3*u - x + 36 = 33. Suppose 3*h - 1704 = h. Suppose h = 3*k + k - 4*g, 418 = u*k + 2*g. What is the tens digit of k?
1
Let c(r) = -r**3 - 2*r**2 + r + 3. Let d be -5 + 4/(-1) + 4. Let o be c(d). Suppose -84 = -z + o. What is the hundreds digit of z?
1
Suppose -4*t + 4 = -8. Suppose -t*j = 6*j - 18. Suppose j*y - 125 = 279. What is the units digit of y?
2
Suppose 0 = -14*w - 8548 - 342. What is the tens digit of (200/(-125))/(2/w)?
0
Let v(r) = -r**3 + r**2 - 1. Let q = -17 - -16. Let x be v(q). What is the units digit of 120 - x/((-4)/12)?
3
Let d(s) = s**3 - 6*s**2 - 8*s + 14. Suppose -b + 7*p - 2*p = -20, -4*p - 18 = -b. What is the hundreds digit of d(b)?
3
Suppose 0 = -5*p - 0*p + 84467 + 49778. What is the thousands digit of p?
6
Suppose 268*n - 526*n + 277*n - 1237907 = 0. What is the tens digit of n?
5
Suppose 2*f = -3*d - 76, 101*d + 3*f = 98*d - 78. What is the tens digit of 2/d + (-47645)/(-60)?
9
Suppose 4*g = -4, z = 3*z + 2*g - 4. What is the hundreds digit of 34*(z + (-5)/(-2)) - 4?
1
What is the ten thousands digit of (((-85)/12)/(70/(-448)))/(1/309)?
1
Let n = -10 - -22. Let d be 362808/152 + (-4)/(-38). Suppose -u - d = -n*u. What is the units digit of u?
7
Let j(s) = -559*s + 759. What is the thousands digit of j(-14)?
8
Let w = -9040 + 10154. What is the units digit of w?
4
Suppose -4*s + t + 4 = 0, s - 4*s - 5*t - 20 = 0. Suppose s = -2*b - 3*l + 452, 5*l + 0 = -20. What is the tens digit of b?
3
Let y(i) = 5*i**2 + i - 123. Let g(s) = 4*s**2 + s - 124. Let k(a) = -4*g(a) + 3*y(a). Let h be k(0). Let w = h - 39. What is the units digit of w?
8
Suppose 336*b + 2412 = 324*b. Let h = b - -216. What is the units digit of h?
5
Suppose 0 = -3*s + i + 9286, 3*i - 1516 = -3*s + 7790. What is the hundreds digit of s?
0
Let f be 1 + 0 - (0 + 0). Suppose 26*q = 19 + 16 + 17. What is the units digit of (10/(-30))/(f*q/(-1206))?
1
Let i(f) = -44*f + 6. Let v(a) = -87*a + 13. Let y(t) = -5*i(t) + 3*v(t). Let k be y(-5). Suppose k + 41 = 5*m. What is the units digit of m?
1
Let g = -578 - -1035. Suppose 2*a - g = a - i, -20 = 5*i. What is the hundreds digit of a?
4
Let g(i) = -45*i**2 + 16*i + 67. Let q(y) = 94*y**2 - 31*y - 134. Let s(f) = 5*g(f) + 3*q(f). What is the units digit of s(-4)?
7
Suppose -5*r = 5*q + 195, -5*r - 9 = -4. Suppose -3*x + 3*y + 189 = -0*y, -x + 4*y + 48 = 0. Let c = q + x. What is the units digit of c?
0
Suppose 3*h = -12 + 24. Suppose 348 = h*u + 4*d - 772, -5*u + 4*d = -1427. What is the tens digit of u?
8
Let t(r) = r**2 + 12*r - 115. Let w be t(-20). Suppose 72*u = w*u + 3618. What is the units digit of u?
4
Let f be (2585/(-3) - -6)*-3. Suppose 3*m = 12, 11*b - 6*b = -3*m + f. What is the hundreds digit of b?
5
Let l be (-2)/(-13) - (-100)/26. Suppose g = -2, -5*r + 14 = -l*r - g. What is the tens digit of (30/r)/(1/14)?
3
Suppose -30*f = -33*f + 12. Suppose 798 = f*v - 718. Suppose -s - 116 = -2*s - 5*g, -4*s - 3*g + v = 0. What is the units digit of s?
1
Let q(v) = 7*v + 104. Let n be q(-15). What is the tens digit of (-292*1 + -2)/(n/2)?
8
Suppose 0*j + 5*j + 4*z + 16 = 0, 0 = -2*j - z - 4. Suppose 4*t + j*t - 32 = 0. Suppose t*a - a = 1008. What is the hundreds digit of a?
1
Suppose -5*j = -3*n + 233 + 515, -4*n + 1044 = 5*j. Let p = 191 + n. What is the units digit of p?
7
Let h(o) = -2*o**2 - 10*o + 12. Let f be h(6). What is the tens digit of (-1339)/(-5) - f/(-150)?
6
Suppose -39 = -3*n - 5*x, -5*n - 2*x + 5*x = -99. Suppose 2722 = n*m + 508. What is the hundreds digit of m?
1
Let b(f) = f**2 + 18*f + 54. Let g be 2/2 + 20/8*6. What is the tens digit of b(g)?
9
What is the thousands digit of 15536 - (48/(-14))/(32/(-112))?
5
Suppose -10 + 8 = -2*h. Let x be (5 - h - -97)*-1. Let o = x - -103. What is the units digit of o?
2
Let d = -21306 + 31649. What is the ten thousands digit of d?
1
Suppose 0 = 45*f - 44*f - 4. Suppose 2*k = f*v - 2118, -4*k - k = -2*v + 1079. What is the tens digit of v?
2
Let m = -513 + 516. Suppose 682 = 11*q - 9*q + 4*r, 0 = 3*q + m*r - 1011. What is the units digit of q?
3
Let l = -56 + -533. Let c = l + 1199. What is the hundreds digit of c?
6
Let g(k) = -k**2 - 19*k + 4. Let q be g(-8). Let f be (-5 + 7)/(1*4/10). Suppose f*w + q = 397. What is the units digit of w?
1
Let n be (-42)/(-140)*10 - (96 - 0). What is the tens digit of n/((2 + 20/(-8))/1)?
8
Suppose 365854 + 862280 = 209*z + 293695. What is the thousands digit of z?
4
Let n = -21 + 30. Suppose -w + 13*w + 216 = 0. What is the units digit of w*(4 - n) - 0?
0
Let o = -346 + 350. Let b be -6*((-42)/2 + 1). Suppose o*i + i = b. What is the units digit of i?
4
Let q(b) = b**3 + b**2 - 2*b + 2. Let j be q(0). Suppose j*v - 4*t = 727 + 111, 3*v - 1261 = 5*t. What is the hundreds digit of v?
4
Let p = 4 - -6. Let n(w) be the second derivative of -w**5/20 + 13*w**4/12 - 7*w**3/3 - 3*w**2 - 3*w - 210. What is the units digit of n(p)?
4
Suppose 10*c + 27 = 11*c. Suppose 5*t + 23 + c = 0. Let k(v) = -5*v - 16. What is the units digit of k(t)?
4
Let p be (-1)/1*(-6 + -8 + 7). What is the hundreds digit of ((-380)/50 + p)/((-2)/670)?
2
Let m = 154 + -87. Let n = m - 99. Let o = -16 - n. What is the units digit of o?
6
Suppose -36*g + 50458 = -206834. What is the tens digit of g?
4
Let f = 44574 + -7929. What is the hundreds digit of f?
6
Let u = 1762 + -1218. Suppose 542 = 2*m + 